= d. Calculate the remainder when 53 is divided by d.
11
Let m = 149 - 106. Let h = m - 9. What is the remainder when h is divided by 12?
10
Suppose 0 = -6*l + l - 50. Let u = -4 - l. Calculate the remainder when 17 is divided by u.
5
What is the remainder when 38 is divided by (20/12)/(2/12)?
8
Let x = -67 + 81. Calculate the remainder when 66 is divided by x.
10
Let s = 34 - -50. Calculate the remainder when s is divided by 24.
12
Suppose 108 = -165*j + 174*j. Let k = -13 - -18. Calculate the remainder when j is divided by k.
2
Suppose -5*q - 728 = 532. Let a = -174 - q. Suppose w + 2*w - a = 0. What is the remainder when w is divided by 9?
8
Suppose i + 0*i - 24 = 0. Suppose 4*z - 5 = -2*n - 27, 5*n - 4*z = 15. What is the remainder when 70 - n/2*2 is divided by i?
23
Let q(p) = -p**2 + 6*p + 16. Suppose -5*n + 5*f + 9 = -31, 5*f + 4 = n. Calculate the remainder when q(0) is divided by n.
7
Let q = 16 - 8. Let l = 12 - q. Suppose 2*y + 3*y - l*n - 170 = 0, y = -2*n + 34. Calculate the remainder when y is divided by 12.
10
Suppose v + 14 = -c, -3*c + 2*v - 40 = 3*v. Let n = c - -5. Let q = n - -17. What is the remainder when 17 is divided by q?
8
Suppose 4*o + 6 = 22. What is the remainder when o is divided by 2?
0
Let q be 1 - 4/6*-3. Suppose 13 = -q*r - 5*b + 3, 4*r = -4*b - 8. Suppose r = 4*y - 0*y - 48. What is the remainder when 23 is divided by y?
11
Let m = 8 + -8. Suppose m = -3*z - 0*z + 102. Calculate the remainder when z is divided by 94/8 + 2/8.
10
Let a = -121 - 16. Let w = -76 - a. Calculate the remainder when w is divided by 16.
13
Let x = 12 + 1. What is the remainder when 43 is divided by x?
4
Suppose -2*m + 0*m = 2*s + 4, s = -5*m - 14. Let v be -1 + 2 + (s - -3). Suppose -38 = -v*i + 2. Calculate the remainder when 15 is divided by i.
7
Let g be ((-2)/(-2))/(7/(-28)). Calculate the remainder when 230/18 - g/18 is divided by 4.
1
Calculate the remainder when (-14)/(-3)*-1*(-75)/10 is divided by 20.
15
Let p(b) = 5*b**3 - b**2 + 2*b - 2. Calculate the remainder when p(2) is divided by 8.
6
Let s = -21 + 34. Calculate the remainder when s is divided by (10/(-8))/(2/(-8)).
3
Suppose -a + 2 = -3, 5*c - 5*a + 25 = 0. Suppose c = 3*g - g - 70. What is the remainder when g is divided by 12?
11
Suppose -3*x = 5 - 32. Let l(n) = -n**2 - n + 8. Let i be l(0). Suppose -5*t - 26 = -h - 2*t, h + 3*t = i. What is the remainder when h is divided by x?
8
Suppose -m + 0*m + 18 = 3*x, 3*m - 34 = -5*x. Let n(p) = -p + 3. Calculate the remainder when x is divided by n(0).
2
What is the remainder when 90 is divided by ((-31)/2)/((14/(-4))/7)?
28
Suppose -t = -4*f + 128, f - t - 42 = -13. Calculate the remainder when 29 is divided by 324/f + 4/22.
9
Let y = -11 + 32. Let v(r) = -2*r + 2. Calculate the remainder when y is divided by v(-3).
5
Suppose 2*m = 5*n - 291, -4*n + 4*m = -0*m - 240. Calculate the remainder when n is divided by 15.
12
Let g = -1 - -2. Let c(l) = -l**2 - 3*l - 1. What is the remainder when g is divided by c(-1)?
0
Let m = -14 - -20. Suppose 27 = 2*t - g, -2*t + 21 = -m*g + 3*g. Calculate the remainder when 43 is divided by t.
13
Let f(j) = j + 6. Calculate the remainder when 69 is divided by f(6).
9
Suppose 0 = -k - 2*p - 9, 3*k + 2*k - 2*p + 69 = 0. Let g = k + 20. Calculate the remainder when g is divided by 2.
1
Calculate the remainder when 37 is divided by 0 + -1 + 8 + 3.
7
Let b = 123 + -88. What is the remainder when b is divided by 9?
8
Let t(c) = 0 + 4*c**2 - 3*c - 1 - c**3 - c**3 + c**3. Let n be t(3). Calculate the remainder when 17 is divided by (0 - -3)*(-2)/n.
5
Suppose 12 = -4*k + 5*m, -5*k = -4*m + 3 + 3. Let n(o) = 8*o**2 + 1 + o - 3*o + 7*o**k. Calculate the remainder when 26 is divided by n(1).
12
Let p(m) = -m**3 + 6*m**2 + m - 1. Suppose 2*o = -2*v + 12, -6 - 10 = -4*o. What is the remainder when p(6) is divided by v?
1
Let s(f) = 10*f. Let d be s(-1). Suppose 0*j + j - 26 = 0. Let b = d + j. Calculate the remainder when 30 is divided by b.
14
Let j(t) = t**2 - 49*t**3 + 0*t**2 + 9*t**3. Suppose 5*z + 46 = 4*o, 3*o = -5*z + 81 - 29. Calculate the remainder when j(-1) is divided by o.
13
Suppose -4*u - 2*p + 81 = 7, -2*u + 47 = 3*p. Let h = u - 3. What is the remainder when 24 is divided by h?
11
Let r(m) = -m + 13. Let a be r(0). Suppose a = 4*f - 7. Let u(n) = n**2 + 5*n - 3. What is the remainder when f is divided by u(-6)?
2
Let n = -46 + 80. What is the remainder when 168 is divided by n?
32
Suppose 5*z = 2*z + 15. Suppose 0 = z*w + 5*r - 170, -4*w + 137 = 2*r + r. Calculate the remainder when w is divided by 18.
17
Let h = -129 - -211. Calculate the remainder when h is divided by 21.
19
Let z be (-256)/12 - 1/(-3). Let f = 36 + z. Suppose 0 = -2*y + 3*y - 8. Calculate the remainder when f is divided by y.
7
Let w be ((-8)/1)/(-4)*-1. Let y(n) = n + 73. What is the remainder when y(0) is divided by w - 5/((-15)/81)?
23
Suppose -3*p + 67 = 2*j, -p + 0*j - 3*j + 34 = 0. What is the remainder when 73 is divided by p?
16
What is the remainder when (-2 + -61 - 4)*-1 is divided by 17?
16
Calculate the remainder when 53*((-3 - 1) + 5) is divided by 18.
17
Suppose h - 16 = -3*w, 5*w = 5*h + 11 + 9. Suppose -12 = -l + 2*v, -28 = -w*l + v + v. What is the remainder when l is divided by 2?
0
Let u(i) = i**3 + i + 6. Let h = -1 - -1. Calculate the remainder when 16 is divided by u(h).
4
Let y(d) = 5*d**3. Let l be y(1). Let u(j) = 2*j**2 - 6*j + 7. Calculate the remainder when u(l) is divided by 14.
13
Let w be (-5)/(-2)*16/10. Suppose -o = -w*o + 12. Let i(q) = -q + 7. What is the remainder when i(0) is divided by o?
3
Suppose -38 = -4*k + 42. What is the remainder when 157 is divided by k?
17
Let y(r) = -r**3 + 8*r**2 - 6*r - 7. Let t be y(7). Suppose -2*a + 5*a - 45 = t. What is the remainder when 43 is divided by a?
13
Let w(d) = -d**3 - 8*d**2 - 2*d - 8. Calculate the remainder when 27 is divided by w(-8).
3
Suppose -76 = -4*n + 12. Let l(x) = -x + 12. Calculate the remainder when n is divided by l(6).
4
Suppose 15*s - 14*s - 89 = 0. What is the remainder when s is divided by 18?
17
Let t(u) = -u**3 + 9*u**2 + 9*u + 9. Let c be t(10). Let j = 4 + c. Suppose 3*i - 18 = -w, -4*w + 3 = -j*i - 9. What is the remainder when 9 is divided by w?
3
Let p(i) = -36*i**3 + i**2 + 2*i + 1. Let t = -194 + 207. What is the remainder when p(-1) is divided by t?
10
Suppose -3*b = -7*b + 5*v + 77, 3*v - 9 = 0. What is the remainder when b is divided by 7?
2
Suppose 205 = 5*s + 4*u, 165 = 5*s - 0*u - 4*u. Suppose -2*d + 87 = d. Let v = -19 + d. What is the remainder when s is divided by v?
7
What is the remainder when 6/(-9) - 340/(-15) is divided by 5?
2
Suppose -5*t = -2*s, 5*t = -3*s - 15 + 40. What is the remainder when 3 is divided by t?
1
Let o be 3/(6/(-4) + 1). Let r(g) = -6*g**2 - 2*g - 3*g**3 - 15 + 20 + 3*g**3 - g**3. Calculate the remainder when r(o) is divided by 9.
8
Let m(v) = -v + 8. Let b be m(0). Let j = b - 6. Calculate the remainder when ((-28)/35)/(j/(-65)) is divided by 9.
8
Let s(g) = -12*g - 5. Suppose -168 = -w - 2*w. Calculate the remainder when w is divided by s(-2).
18
Let p be 1/(-1)*(1 + 0). Let v(u) = -5*u + 7. Let k be v(2). What is the remainder when 44 is divided by 5*p/k*9?
14
Let a = -8 - -19. Let s = -32 - -57. Let r = s - a. Calculate the remainder when 26 is divided by r.
12
Suppose 0 = -f - f - 4*k - 6, f - 6 = k. Suppose z - 6 = -z. Calculate the remainder when f is divided by z.
0
What is the remainder when (-22)/187 + (-514)/(-34) is divided by 3?
0
Let o(p) = 4*p**3 - 4*p**2 - 2*p + 3. Let q(h) = -h**2 + 9*h + 4. Calculate the remainder when o(3) is divided by q(7).
15
Suppose 0*r - 5*r = -3*n - 93, 3*r = -4*n + 79. Suppose 3*l - r = 2*l. Calculate the remainder when 40 is divided by l.
19
Suppose 0*i = 3*i + a - 12, -5*a = -i + 4. Suppose -5*b = -i - 11. What is the remainder when 9 is divided by b?
0
Suppose 5*z = 2*z + 6. Suppose 17 = 5*l + 3*u + 4, 0 = l - z*u - 13. Calculate the remainder when 13 is divided by l.
3
Suppose -3*b - 3*u - 21 = -0*b, 49 = -4*b + 3*u. What is the remainder when ((-2)/(-1))/(b/(-115)) is divided by 13?
10
Suppose 0 = 2*v + v. Suppose -m = 2*z - 24, v*m - 2*m = -5*z - 12. Calculate the remainder when 45 is divided by m.
13
Let x = -1 - -7. What i